{"id":18189,"date":"2023-01-05T16:24:53","date_gmt":"2023-01-05T16:24:53","guid":{"rendered":"https:\/\/tekpanpanel.com\/sogutma-cihazlari\/monoblok-tip-sogutma-uniteleri-2\/"},"modified":"2023-03-14T14:12:08","modified_gmt":"2023-03-14T14:12:08","slug":"soklama-sogutma-uniteleri","status":"publish","type":"page","link":"https:\/\/tekpanpanel.com\/eski\/sogutma-cihazlari\/soklama-sogutma-uniteleri\/","title":{"rendered":"\u015eoklama So\u011futma \u00dcniteleri"},"content":{"rendered":"\t\t<div data-elementor-type=\"wp-page\" data-elementor-id=\"18189\" class=\"elementor elementor-18189\">\n\t\t\t\t\t\t<section class=\"elementor-section elementor-top-section elementor-element elementor-element-a135015 elementor-section-boxed elementor-section-height-default elementor-section-height-default\" data-id=\"a135015\" data-element_type=\"section\">\n\t\t\t\t\t\t<div class=\"elementor-container elementor-column-gap-default\">\n\t\t\t\t\t<div class=\"elementor-column elementor-col-50 elementor-top-column elementor-element elementor-element-7b8b953\" data-id=\"7b8b953\" data-element_type=\"column\">\n\t\t\t<div class=\"elementor-widget-wrap elementor-element-populated\">\n\t\t\t\t\t\t<div class=\"elementor-element elementor-element-163ea8d elementor-arrows-position-inside elementor-pagination-position-outside elementor-widget elementor-widget-image-carousel\" data-id=\"163ea8d\" data-element_type=\"widget\" data-settings=\"{&quot;slides_to_show&quot;:&quot;1&quot;,&quot;navigation&quot;:&quot;both&quot;,&quot;autoplay&quot;:&quot;yes&quot;,&quot;pause_on_hover&quot;:&quot;yes&quot;,&quot;pause_on_interaction&quot;:&quot;yes&quot;,&quot;autoplay_speed&quot;:5000,&quot;infinite&quot;:&quot;yes&quot;,&quot;effect&quot;:&quot;slide&quot;,&quot;speed&quot;:500}\" data-widget_type=\"image-carousel.default\">\n\t\t\t\t<div class=\"elementor-widget-container\">\n\t\t\t\t\t<div class=\"elementor-image-carousel-wrapper swiper\" dir=\"ltr\">\n\t\t\t<div class=\"elementor-image-carousel swiper-wrapper\" aria-live=\"off\">\n\t\t\t\t\t\t\t\t<div class=\"swiper-slide\" role=\"group\" aria-roledescription=\"slide\" aria-label=\"1 \/ 1\"><figure class=\"swiper-slide-inner\"><img decoding=\"async\" class=\"swiper-slide-image\" src=\"https:\/\/tekpanpanel.com\/eski\/wp-content\/uploads\/2023\/03\/4.-Soklama-Sogutma-Uniteleri.png\" alt=\"4. \u015eoklama So\u011futma \u00dcniteleri\" \/><\/figure><\/div>\t\t\t<\/div>\n\t\t\t\t\t<\/div>\n\t\t\t\t<\/div>\n\t\t\t\t<\/div>\n\t\t\t\t\t<\/div>\n\t\t<\/div>\n\t\t\t\t<div class=\"elementor-column elementor-col-50 elementor-top-column elementor-element elementor-element-903f793\" data-id=\"903f793\" data-element_type=\"column\">\n\t\t\t<div class=\"elementor-widget-wrap elementor-element-populated\">\n\t\t\t\t\t\t<div class=\"elementor-element elementor-element-af65509 elementor-widget-divider--view-line_text elementor-widget-divider--element-align-center elementor-widget elementor-widget-divider\" data-id=\"af65509\" data-element_type=\"widget\" data-widget_type=\"divider.default\">\n\t\t\t\t<div class=\"elementor-widget-container\">\n\t\t\t\t\t<div class=\"elementor-divider\">\n\t\t\t<span class=\"elementor-divider-separator\">\n\t\t\t\t\t\t\t<span class=\"elementor-divider__text elementor-divider__element\">\n\t\t\t\t\u015eoklama So\u011futma \u00dcniteleri\t\t\t\t<\/span>\n\t\t\t\t\t\t<\/span>\n\t\t<\/div>\n\t\t\t\t<\/div>\n\t\t\t\t<\/div>\n\t\t\t\t<div class=\"elementor-element elementor-element-c0262f1 elementor-widget elementor-widget-text-editor\" data-id=\"c0262f1\" data-element_type=\"widget\" data-widget_type=\"text-editor.default\">\n\t\t\t\t<div class=\"elementor-widget-container\">\n\t\t\t\t\t\t\t<ul><li dir=\"ltr\" aria-level=\"1\"><p dir=\"ltr\" role=\"presentation\">Yar\u0131 Hermetik veya vidal\u0131 kompres\u00f6rl\u00fc ve hava so\u011futmal\u0131 kondenserlidir.<\/p><\/li><li dir=\"ltr\" aria-level=\"1\"><p dir=\"ltr\" role=\"presentation\">Geni\u015f kapasite se\u00e7ene\u011fi vard\u0131r.<\/p><\/li><li dir=\"ltr\" aria-level=\"1\"><p dir=\"ltr\" role=\"presentation\">\u0130\u00e7 ve d\u0131\u015f \u00fcnite azot \u015farjl\u0131 olarak teslim edilir.<\/p><\/li><li dir=\"ltr\" aria-level=\"1\"><p dir=\"ltr\" role=\"presentation\">Uzaktan kumanda paneline sahiptir.<\/p><\/li><li dir=\"ltr\" aria-level=\"1\"><p dir=\"ltr\" role=\"presentation\">D\u0131\u015f hava \u015fartlar\u0131na uygun \u015fekilde kasetlenmi\u015ftir.<\/p><\/li><li dir=\"ltr\" aria-level=\"1\"><p dir=\"ltr\" role=\"presentation\">Muadillerine k\u0131yasla d\u00fc\u015f\u00fck ses seviyeli d\u0131\u015f kabine sahiptir.<\/p><\/li><li dir=\"ltr\" aria-level=\"1\"><p dir=\"ltr\" role=\"presentation\">Elektrostatik boyal\u0131 \u00e7elik galvaniz kabine sahiptir.<\/p><\/li><li dir=\"ltr\" aria-level=\"1\"><p dir=\"ltr\" role=\"presentation\">Kolay kurulum ve bak\u0131m imkan\u0131na sahiptir, farkl\u0131 montaj \u015fekillerine uyumludur.<\/p><\/li><li dir=\"ltr\" aria-level=\"1\"><p dir=\"ltr\" role=\"presentation\">Kapasiteye uygun, depolanan \u00fcr\u00fcndeki nem kayb\u0131n\u0131 minimize eden, y\u00fcksek verimli evaporat\u00f6r dizayn\u0131 yap\u0131lmaktad\u0131r.<\/p><\/li><li dir=\"ltr\" aria-level=\"1\"><p dir=\"ltr\" role=\"presentation\">Defrost s\u00fcre aral\u0131klar\u0131n\u0131 azalt\u0131p, defrost say\u0131s\u0131n\u0131 azaltarak enerji tasarrufu sa\u011flar.<\/p><\/li><li dir=\"ltr\" aria-level=\"1\"><p dir=\"ltr\" role=\"presentation\">Defrostsuz uzun so\u011futma periyotlar\u0131 sayesinde i\u015fleme maliyetlerini azalt\u0131r.<\/p><\/li><li dir=\"ltr\" aria-level=\"1\"><p dir=\"ltr\" role=\"presentation\">Elektrik panosu ve otomatik kontrol elemanlar\u0131 ile birlikte montaja haz\u0131r olarak sevk edilir.<\/p><\/li><li dir=\"ltr\" aria-level=\"1\"><p dir=\"ltr\" role=\"presentation\">D\u00fcnya standartlar\u0131na uygun, y\u00fcksek kaliteli ve g\u00fcvenilir ekipmanla \u00fcretilir ve y\u00fcksek verimli so\u011futma sunar.<\/p><\/li><li dir=\"ltr\" aria-level=\"1\"><p dir=\"ltr\" role=\"presentation\">Geni\u015f \u00fcr\u00fcn yelpazesi.<\/p><\/li><li dir=\"ltr\" aria-level=\"1\"><p dir=\"ltr\" role=\"presentation\">HACCP standartlar\u0131na uygundur.<\/p><\/li><\/ul>\t\t\t\t\t\t<\/div>\n\t\t\t\t<\/div>\n\t\t\t\t\t<\/div>\n\t\t<\/div>\n\t\t\t\t\t<\/div>\n\t\t<\/section>\n\t\t\t\t<\/div>\n\t\t","protected":false},"excerpt":{"rendered":"<p>\u015eoklama So\u011futma \u00dcniteleri Yar\u0131 Hermetik veya vidal\u0131 kompres\u00f6rl\u00fc ve hava so\u011futmal\u0131 kondenserlidir. Geni\u015f kapasite se\u00e7ene\u011fi vard\u0131r. \u0130\u00e7 ve d\u0131\u015f \u00fcnite azot \u015farjl\u0131 olarak teslim edilir. Uzaktan kumanda paneline sahiptir. D\u0131\u015f hava \u015fartlar\u0131na uygun \u015fekilde kasetlenmi\u015ftir. Muadillerine k\u0131yasla d\u00fc\u015f\u00fck ses seviyeli d\u0131\u015f kabine sahiptir. Elektrostatik boyal\u0131 \u00e7elik galvaniz kabine sahiptir. Kolay kurulum ve bak\u0131m imkan\u0131na sahiptir, [&hellip;]<\/p>\n","protected":false},"author":1,"featured_media":0,"parent":1634,"menu_order":0,"comment_status":"closed","ping_status":"closed","template":"","meta":{"om_disable_all_campaigns":false,"footnotes":""},"class_list":["post-18189","page","type-page","status-publish","hentry"],"aioseo_notices":[],"_links":{"self":[{"href":"https:\/\/tekpanpanel.com\/eski\/wp-json\/wp\/v2\/pages\/18189","targetHints":{"allow":["GET"]}}],"collection":[{"href":"https:\/\/tekpanpanel.com\/eski\/wp-json\/wp\/v2\/pages"}],"about":[{"href":"https:\/\/tekpanpanel.com\/eski\/wp-json\/wp\/v2\/types\/page"}],"author":[{"embeddable":true,"href":"https:\/\/tekpanpanel.com\/eski\/wp-json\/wp\/v2\/users\/1"}],"replies":[{"embeddable":true,"href":"https:\/\/tekpanpanel.com\/eski\/wp-json\/wp\/v2\/comments?post=18189"}],"version-history":[{"count":4,"href":"https:\/\/tekpanpanel.com\/eski\/wp-json\/wp\/v2\/pages\/18189\/revisions"}],"predecessor-version":[{"id":18210,"href":"https:\/\/tekpanpanel.com\/eski\/wp-json\/wp\/v2\/pages\/18189\/revisions\/18210"}],"up":[{"embeddable":true,"href":"https:\/\/tekpanpanel.com\/eski\/wp-json\/wp\/v2\/pages\/1634"}],"wp:attachment":[{"href":"https:\/\/tekpanpanel.com\/eski\/wp-json\/wp\/v2\/media?parent=18189"}],"curies":[{"name":"wp","href":"https:\/\/api.w.org\/{rel}","templated":true}]}}